.
9
4 + 1 - 25 - -12
-8
13 + -33 - (-3 - 9)
-8
Evaluate -18 - (-3 + -4 - (1 - 6) - -1).
-17
What is the value of -1 - (46 - 37 - (-1 + 25))?
14
What is (5 - 18) + -2 + 11 - -11?
7
Evaluate ((6 - 3 - 10) + 21 - 8) + -23.
-17
Calculate -2 + -13 - (-33 - -5).
13
What is 9 - 2 - (-36 - -41) - -11?
13
Evaluate 1 + 2 - (-19 + 16) - 16.
-10
Calculate (-8 + 16 - -16) + -20.
4
Calculate -10 + 19 + -15 + -6.
-12
What is the value of -2 - -15 - (-7 - -18 - -6 - 8)?
4
What is -11 - (0 - 23 - (15 + -29))?
-2
-15 - (2 + -3 + -5 - (-2 + -2))
-13
What is the value of (2 + 9 - (5 + 2)) + -14?
-10
-3 + 8 + -11 + 25 + -19
0
What is the value of 11 - (-11 + -11 + 26)?
7
-1 + 9 - ((-15 - -32) + -3)
-6
Calculate (9 - -1) + (59 - 48) + (-6 - 0).
15
What is 12 + -12 + (-1 - (-1 + -3))?
3
What is -31 - -1 - (-1 - (-69 - -66))?
-32
Evaluate -15 + (3 - (-1 - 6 - 1)).
-4
What is the value of (-15 - -12) + (-2 - 2) - -4 - -5?
2
What is the value of -1 + (-3 - 1) + 44 + -43 - -24?
20
What is (-5 - -11) + -6 + -5 + 0 + 1?
-4
Calculate -12 + 2 + (-7 - (9 - (64 + -4))).
34
What is 8 - 8 - -15 - (-4 - -15)?
4
What is -3 - (6 + (-5 + 11 - 7))?
-8
Evaluate -26 + (16 - (8 + 1 - -4)).
-23
Calculate 8 - (2 + -5 - -22).
-11
What is 17 + -15 - 13 - -11?
0
What is 3 + (0 - -7) + -15?
-5
(11 - -1 - (-6 - -15 - 4)) + 4
11
Calculate (-27 - -4 - (-13 - -2)) + 10.
-2
(-4 - (-4 - 4)) + -3 + -2 + -2
-3
-47 + 23 - (-1 - 15)
-8
Evaluate 33 + (-15 - (13 + -14)).
19
-2 - 2 - (-164 + 154)
6
(5 - (-25 + 3)) + (125 - 125)
27
What is the value of -3 - -10 - ((17 - -4) + -3)?
-11
Evaluate 2 + (5 + -3 - -6 - (-2 + 22)).
-10
-8 + -9 + 8 + 2 + -6
-13
Calculate 7 - (10 - 14 - 13).
24
What is -5 + (10 - (29 + -14))?
-10
-66 + 44 + -46 - -29
-39
Calculate (25 - (6 - 31)) + -24.
26
Calculate 0 - -4 - (-5 + (4 - 6)).
11
Evaluate (1 + 2 - -18) + -13.
8
-19 - 2 - (-36 - (-32 + 15) - -26)
-28
-3 + -6 + (12 - -3) + 12
18
-25 + 37 + -15 + -1 + 0
-4
Evaluate (2 - 0) + -2 + 0 + 3.
3
Evaluate -15 + 15 + -2 + 8.
6
Calculate 29 + (-44 - -4 - -14).
3
Calculate -7 - -6 - (-24 + 42).
-19
(-8 - -4) + 8 + 0 + -4 - -9
9
Evaluate 8 - (-7 + 6 - 1) - 6.
4
11 - -2 - (29 - (0 - -21))
5
What is the value of 11 - ((9 - 11) + 6) - (3 - -1)?
3
What is 6 - 14 - (0 - 6)?
-2
Calculate -115 - (23 + -59) - -42.
-37
(-9 - -51) + (3 - (13 + -2)) + -2
32
Calculate 17 - (12 + 4 + 20).
-19
What is the value of (-11 - (13 - (18 + -8))) + 0 + 2?
-12
Evaluate 33 + 57 + -86 + -1 + 0.
3
Evaluate -48 + 45 + -1 + -3 + 4 - -23.
20
6 - 0 - (-36 - (26 - 68))
0
What is the value of -5 + (-3 - 1) + 10?
1
What is (6 - 2) + 15 - (-8 - (3 - 8))?
22
Evaluate -20 + -3 - (-181 - -134).
24
Evaluate -1 + 10 - (7 + -8 + 36 + -2).
-24
(1 - -6) + -6 + 5 + -24 - 1
-19
Evaluate -12 + 28 + -7 + -27.
-18
Evaluate (-18 - 16 - -17) + 11 + 2.
-4
What is (62 + -25 - 29) + (0 - 2)?
6
Calculate -936 + 934 - ((-4 + 2 - -4) + -14).
10
Evaluate -115 - -112 - (0 + 2 + -1 + -2).
-2
What is (-21 - 6) + 12 - -16?
1
Evaluate -6 + (34 + -11 - 5).
12
What is (35 - (77 - 37)) + 15?
10
-15 - (-17 + 10 - (1 - 3) - -4)
-14
Evaluate (0 - -4) + -14 + (0 - -11).
1
(15 + 22 - 2) + -19
16
Calculate (-19 - -16) + 0 + 9 + -2 + -3.
1
Calculate 7 + (3 - (33 - (-1 + 7))).
-17
(14 - (-12 + 14)) + -1 - -10
21
Evaluate -27 - (21 + (15 - 68)).
5
What is the value of (2 - 2 - (-1 - 1 - -20)) + 4?
-14
(3 - -19) + (7 + -7 + -7 - -8)
23
Evaluate (-19 - -17) + (4 + 7 - 3).
6
What is -2 + -2 + 280 + -268?
8
What is the value of (-15 - -21 - (6 - 0)) + (-1 - -6)?
5
Calculate ((3 - (14 + -7)) + 11 - 10) + -20.
-23
-6 - (0 + -5 + -4 + 2)
1
What is the value of 18 + 3 + -45 - (8 + (1 - 3))?
-30
Calculate 1 + 24 - (-4 + -5 + -52 + 58).
28
What is the value of 6 + (4 + 3 - (4 - -3)) + -7?
-1
What is (-6 + 3 - (-3 + -2)) + -7?
-5
Evaluate 94 - 93 - ((4 - 1) + 0 + 2).
-4
Calculate -3 + (3 - -6) + -3 + (-8 - 0).
-5
12 - (9 + 30) - -39
12
Calculate -10 + (13 - 12 - -19).
10
What is (-6 - -10) + (0 - (-1 + 13) - -1)?
-7
(-9 - -2) + 9 + -4 - 9 - 8
-19
What is the value of -7 - (-2 - -1) - (24 - (-14 + 42))?
-2
Calculate (26 - -13) + -18 + -18.
3
What is (-14 - -11) + 3 - 5?
-5
What is the value of 3 + (-14 - (-6 - -4)) - 5 - -5?
-9
What is 88 + -70 - (0 + -1)?
19
What is the value of -9 - (36 - (24 - 2))?
-23
What is the value of (-1 - -4 - -4) + 39 + -40?
6
Evaluate 19 + -38 + 14 - (8 + 1).
-14
Calculate -24 + 17 + -7 + 8.
-6
-1 + -2 + 11 - 11
-3
Evaluate (7 - (82 + -36)) + 17.
-22
Calculate -1 + -23 + (30 - 22).
-16
(21 - 22) + (1 + (-7 - 2) - 3)
-12
What is the value of -8 + 29 + -17 - -20?
24
What is -27 + 33 + (-4 - 0) + 3 + -1?
4
-13 - (-45 + 21) - (-7 + 0)
18
What is the value of 6 + -18 + (-4 - -7) + -17?
-26
1 + -4 - (-6 + 5 + -5)
3
Evaluate -8 + 2 - 5 - (-20 - -17 - 3).
-5
Calculate -13 - (-5 - -12) - -9.
-11
Calculate 11 - (1 + 4 + 6) - -17.
17
Evaluate -4 - -34 - (73 + -45).
2
Evaluate -16 + 12 + 4 - (-4 - -2) - 18.
-16
What is 1 + 3 + -4 + -17 + (-6 - -12)?
-11
What is the value of (-6 - 2) + (4 - 4) + -4 + 12?
0
Calculate 0 + -12 + 5 + (-30 - -25).
-12
What is (-6 - -9) + 2 - -4 - -5?
14
Evaluate (-1 - 2 - (-140 - -137)) + (-10 - 0).
-10
What is -6 + (7 + -2 - 2) + 7?
4
-38 + 59 + -2 + -10
9
Calculate 7 - ((-2 - 3) + 79 + -71).
4
0 + (-3 - (-14 + 16)) - -11
6
Calculate -6 - (-7 + -17 + 13).
5
What is -2 + 10 + -42 + (1 - -52)?
19
What is the value of (22 - 13) + (-13 - 1)?
-5
What is 17 - ((2 - -15) + 6)?
-6
-13 + (26 - 6) + 1 + -18
-10
What is -265 + 261 + 0 + 22?
18
Evaluate 2 + 40 + -1 + (-5 - (2 - 1)).
35
(0 + 0 - (22 + -19)) + (-1 - -8)
4
Calculate 28 - 53 - -8 - -36.
19
Evaluate 1 - 1 - ((13 - 22) + 18 - -7).
-16
Calculate -47 + 37 - (-12 - 1).
3
Evaluate 19 + (13 - -4 - 9) - (0 - -7).
20
Evaluate 17 - 27 - 4 - -19.
5
-16 - (-14 + 7 + (32 - 18))
-23
Evaluate 6 - (-2 + 4 - -4 - (-5 + 12)).
7
Evaluate -43 - -48 - (-1 - (3 + -15)).
-6
What is (-344 - -335) + (30 - 3)?
18
Calculate (3 + -9 - (-12 - -12)) + 0.
-6
Calculate -9 - (-6 - (22 - 18)).
1
Calculate 21 - (-64 - -76 - (1 - -1)).
11
What is 1 - 1 - (-9 - (11 + (-27 - 0)))?
-7
Evaluate (0 - -90 - 79) + 23 + 0 + 1.
35
What is (80 - 25) + -25 + -8?
22
What is -52 + 46 + 25 + -29?
-10
Evaluate 3 - 2 - 4 - (60 - 25 - 12).
-26
What is (-1 - -5) + (-39 - (-8 + (-13 - -1)))?
-15
What is the value of (0 - -2) + 26 + -59 + 20?
-11
Calculate -1 - -2 - (-6 - -8 - 6) - 17.
-12
What is the value of (-23 - 4) + 6 + -4 + 6?
-19
-11 - -6 - 13 - -21
3
28 + -9 + 2 + (-4 - 3 - 2)
12
Evaluate -54 - (6 + (-5 - (-11 + 29))).
-37
Evaluate -57 + (14 - 22) + 42.
-23
1 + 5 + (-26 - -17) - 6
-9
(3 - -17) + -12 - 5
3
What is 0 + (3 - (17 + -4)) + (-19 - -17)?
-12
Evaluate 11 + -26 + 9 + (-6 - 5).
-17
Calculate (54 - (16 - -36)) + (7 - 1) + 1.
9
Evaluate -42 + (1 - -2 - (-16 - -2)).
-25
Calculate 18 + (-23 + 50 - 38).
7
(5 + -5 - 5) + 36 + -11
20
Evaluate -1 + -8 + (-18 - (14 + -35 + 11)).
-17
What is the value of 16 + (-5 - -2 - 8) + 43 + -39?
9
Calculate 10 + -8 + (11 + -11 - -3).
5
What is the value of 14 + (13 - 11 - 16) - (2 + 11)?
-13
(5 - (-1 + -2)) + (12 - 14)
6
0 + 12 + -20 + 7
-1
Evaluate 369 - 366 - (1 + 14 - 2).
-10
What is the value of -20 - (6 - (2 - 0))?
-24
Calculate 0 + -20 + 206 + -165.
21
-70 - -78 - (-1 - -1 - 4 - -10)
2
7 + -8 + 17 + -5
11
Calculate -2 + (2 - (13 - 8)) + 5.
0
What is the value of -10 + 1 - ((27 - 58) + 35)?
-13
6 + 5 + (-7 - 2) + 4 + -15
-9
14 - (3 - 7 - -13)
5
What is the value of (-8 - -5 - -7) + (-10 - -19 - 14)?
-1
What is the value of -2 - ((5 + -6 + 3 - 7) + -3)?
6
Calculate -6 - 1 - (-7 - (24 + -12)).
12
What is the value of -3 + (-15 + 2 + -3 - -8) + 0?
-11
Evaluate 0 + 29 + 1 - (-8 + 5 - -14).
19
Evaluate 3 - -3 - ((4 - 1) + -2 + -3).
8
What is (0 - ((5 - 8) + 7)) + 6 + -10?
-8
Evaluate -44 + (-11 - -27) + 19.
-9
Calculate -1 + -16 + 10 - 2.
-9
6 + 12 + -10 - (1 + -1 + -8)
16
Evaluate -7 + 14 + -2 - 11.
-6
Calculate -2 - (-13 + 7 + 8).
-4
What is 9 + (0 - 9) + 9 + 0?
9
-77 + (8 - -6) + 34
-29
-278 - -271 - (1 - -17)
-25
(-13 - -1) + (47 - 13 - 29)
-7
What is 4 - ((9 - (2 - -5)) + 12)?
-10
Calculate (-2 - -18) + -1 - 17.
-2
Evaluate 5 + -8 + 1 - 1 - (3 + -16).
10
Evaluate 20 + 22 + -46 + (5 - -1) + -1.
1
What is (-30 - -6) + (6 - (0 - 11))?
-7
Evaluate (-6 - (0 + 2 + -4)) + -4.
-8
4 + 2 + 6 + -22 + 4 - -5
-1
What is -1 - (-11 - 